ase 2, what is -1010011011 + -10110110100001110?
-10110111110101001
In base 16, what is -259e8 - ce8?
-266d0
In base 6, what is 22512102 + 44?
22512150
In base 7, what is 41 + -1051350?
-1051306
In base 2, what is 11 - -10001100010000111011101101010?
10001100010000111011101101101
In base 11, what is -19892272 + 5?
-19892268
In base 12, what is 2172 - 16976?
-14804
In base 7, what is -4 + -610510451?
-610510455
In base 15, what is 3 + 3990a5?
3990a8
In base 4, what is -10 - -3012230012332?
3012230012322
In base 14, what is 711 + -398b?
-327a
In base 16, what is -123 + 12b8d?
12a6a
In base 4, what is 321120113 + 32?
321120211
In base 11, what is -149256 - -262?
-148aa4
In base 13, what is 332667896 + -5?
332667891
In base 4, what is -2002133132300 - 1?
-2002133132301
In base 13, what is 2 + 12c9ca8?
12c9caa
In base 14, what is -14a4b5 + 22?
-14a493
In base 5, what is 1441010134131 - -2?
1441010134133
In base 3, what is 10202011000 + 112101?
10202200101
In base 10, what is -3 - 2717481?
-2717484
In base 11, what is 2a54aa3 - 13?
2a54a90
In base 7, what is 1155 + -30460?
-26302
In base 13, what is -b74a16 + 23?
-b749c3
In base 10, what is -406 + 36383?
35977
In base 12, what is -2 + 58b72a1?
58b729b
In base 9, what is -1 - -12234530?
12234528
In base 11, what is -8 + 533260?
533253
In base 8, what is -174633 + 336?
-174275
In base 7, what is 36 + -53432401?
-53432332
In base 4, what is 12103123202 + 111?
12103123313
In base 15, what is -aace + 716?
-a3b8
In base 2, what is 1000000100011000 - -1001000010?
1000001101011010
In base 6, what is 1001 + 354555?
400000
In base 2, what is 10 - 10100101100100101010110101?
-10100101100100101010110011
In base 10, what is 770 - 349063?
-348293
In base 16, what is -41c2ef9 - -3?
-41c2ef6
In base 9, what is 781885184 + 3?
781885187
In base 15, what is c - -3053ebe?
3053ecb
In base 6, what is 4 - 2115231100?
-2115231052
In base 14, what is 3db35 + 18?
3db4d
In base 10, what is -3498 + -78238?
-81736
In base 8, what is 1 + -1033565?
-1033564
In base 15, what is 1a5 - 49aa5?
-49900
In base 6, what is -1034143 - 5?
-1034152
In base 4, what is -1330021321 + -21112?
-1330103033
In base 9, what is 120063 + -3346?
115616
In base 13, what is 21cab7c - 7?
21cab75
In base 2, what is 1011001011010 + 1101111101010?
11001001000100
In base 11, what is 7a - -a3741?
a3810
In base 2, what is 11011111111110100000011 - 1?
11011111111110100000010
In base 14, what is 359 + 2d87?
3302
In base 9, what is 302711 - -21?
302732
In base 12, what is -54bb4b7 + 4?
-54bb4b3
In base 16, what is 9f51d - -52?
9f56f
In base 7, what is 3 + 36244536?
36244542
In base 4, what is -122233 + 1123031?
1000132
In base 5, what is 1334 + -324301201?
-324244312
In base 5, what is -24023 - -1041020?
1011442
In base 3, what is -210 + -102101001112101?
-102101001120011
In base 7, what is -5540 + 456545?
451005
In base 6, what is -10153405405 - -5?
-10153405400
In base 10, what is -5 + -1799963?
-1799968
In base 14, what is 233d37d - d?
233d370
In base 11, what is 8a883 - 923?
89a60
In base 6, what is 13250 + 1530433?
1544123
In base 5, what is 12332140313 + 4?
12332140322
In base 2, what is -100011101000010101010 - 11?
-100011101000010101101
In base 3, what is -21221220220210122 - -1?
-21221220220210121
In base 4, what is -10313 - 202110103?
-202121022
In base 7, what is 305233 - -1010?
306243
In base 9, what is -38 + -3773470?
-3773518
In base 2, what is -1001 - -10111101101011000101110?
10111101101011000100101
In base 9, what is -5 + 5635472?
5635466
In base 14, what is b - 6191c?
-61911
In base 11, what is -74a7 - -a31?
-6576
In base 8, what is -5 - 65370632?
-65370637
In base 13, what is 138 - -133c1?
13529
In base 7, what is -10452 - -214405?
203623
In base 9, what is -253264 - -45?
-253218
In base 16, what is -15 + 2c110?
2c0fb
In base 12, what is -25134 - 2129?
-27261
In base 7, what is 5 - 3533352606?
-3533352601
In base 8, what is -20 + -1737606?
-1737626
In base 12, what is 450088 + -17?
450071
In base 3, what is 1000120210 + 2001101?
1002122011
In base 16, what is 51b72 - -164?
51cd6
In base 3, what is -201 + -111012102111222?
-111012102112200
In base 7, what is -12361 + 1231346?
1215655
In base 7, what is -316344524 - -1?
-316344523
In base 5, what is -1013002 - -10240?
-1002212
In base 6, what is -4341244 + -121?
-4341405
In base 5, what is 1043132200 + -2?
1043132143
In base 7, what is 45166306 + 30?
45166336
In base 15, what is 2b99d292 + -4?
2b99d28d
In base 12, what is -735662b3 - 3?
-735662b6
In base 7, what is 10014 + -13466?
-3452
In base 16, what is 1 + 115916?
115917
In base 15, what is 1c + 2a1100?
2a111c
In base 15, what is -a2d + -d46?
-1874
In base 11, what is -19842a28 + 1?
-19842a27
In base 11, what is -108969 + -11?
-10897a
In base 13, what is 6c6ccc6 - 0?
6c6ccc6
In base 12, what is 1 + 409a27b?
409a280
In base 7, what is 52 + -54240631?
-54240546
In base 2, what is -1100 - -1101001010110111000101?
1101001010110110111001
In base 11, what is -4 - 3140278?
-3140281
In base 5, what is 22443204222 - 2?
22443204220
In base 3, what is -100221 - -1000111202?
1000010211
In base 14, what is 7 + -177c78?
-177c71
In base 15, what is -158 + 13b1dd?
13b085
In base 14, what is 1 - -b432356?
b432357
In base 11, what is 4929698 + 1?
4929699
In base 9, what is 7 + 11855280?
11855287
In base 16, what is 1e3f6c + 11?
1e3f7d
In base 5, what is 22442002 + 2423?
22444430
In base 11, what is 2 - 2aa31815?
-2aa31813
In base 14, what is 3 - b471c05?
-b471c02
In base 4, what is -11 + -3131030130321?
-3131030130332
In base 2, what is 1010010111100 + -101011001100110001?
-101001111001110101
In base 4, what is -3113 - 20102222013?
-20102231132
In base 15, what is -72765ed - 3?
-7276601
In base 11, what is -147508a - -14?
-1475076
In base 4, what is 131113103 - -2202?
131121311
In base 13, what is -2a - -5743b?
57411
In base 8, what is 102 - 326061?
-325757
In base 11, what is -3a5241a - -4?
-3a52416
In base 7, what is -15 + -32201654?
-32202002
In base 4, what is 1201330201 - -113?
1201330320
In base 9, what is 2 + 24145274?
24145276
In base 7, what is -11 - -11344040?
11344026
In base 16, what is -2f + -18ffd?
-1902c
In base 12, what is -30bba40 - -3?
-30bba39
In base 5, what is 301400222 + -2?
301400220
In base 11, what is -2 + 6945a42?
6945a40
In base 16, what is -35f + a91?
732
In base 16, what is -2c0d - 97d?
-358a
In base 5, what is -33 - -330402001?
330401413
In base 3, what is 1211 - 201012221020?
-201012212102
In base 6, what is 10421331 + -3213?
10414114
In base 3, what is 2022112 - -121121012000?
121200111112
In base 9, what is -3657 + -357300?
-362057
In base 6, what is 3 + 243115110?
243115113
In base 15, what is 26e472 - 5?
26e46c
In base 14, what is a7db29 - -2?
a7db2b
In base 14, what is -da6533 + 1?
-da6532
In base 9, what is 2728244 - 53?
2728181
In base 8, what is -5 + -25576402?
-25576407
In base 16, what is -c + 45f494?
45f488
In base 14, what is 78 - 340b2?
-34038
In base 12, what is -109483 + -12?
-109495
In base 11, what is -401 + 2a199?
29898
In base 14, what is -6 - -34a4c2?
34a4ba
In base 12, what is 751a806 - -4?
751a80a
In base 13, what is 805513 + 4?
805517
In base 15, what is 2 - -1584115c?
1584115e
In base 12, what is -1 + -38b854?
-38b855
In base 10, what is -4 + -23538908?
-23538912
In base 16, what is -5d6e + -1fc?
-5f6a
In base 14, what is 28355c - -1?
28355d
In base 15, what is b7 + 65d1?
6698
In base 8, what is -3176 + -166650?
-172046
In base 13, what is -132 - -546667?
546535
In base 7, what is -1450420 - 250?
-1451000
In base 4, what is 1133323120 - -22123?
1200011303
In base 2, what is 10011 - -1001010010100111?
1001010010111010
In base 13, what is -2 + -61c47ac?
-61c47b1
In base 3, what is -2 + -202122011002?
-202122011011
In base 11, what is 2659575 - -4?
2659579
In base 4, what is 2 - -2330001232103?
2330001232111
In base 2, what is 1000011 + -11100111110011010011?
-11100111110010010000
In base 6, what is 115532 - -3052?
123024
In base 5, what is 4334032 - 12320?
4321212
In base 2, what is 110011010101 - 100110111110011?
-100000100011110
In base 8, what is 313434 - 302?
313132
In base 10, what is -18384 + -226?
-18610
In base 9, what is 5 + -1044147?
-1044142
In base 15, what is -92a2 - -2a97?
-670a
In base 15